ite?
True
Is 1135553 composite?
True
Is 1396679 a composite number?
False
Is 32959771 a prime number?
False
Is 107629279 prime?
True
Is 37158343 composite?
False
Is 21933481 prime?
False
Is 355765 composite?
True
Is 11877587 prime?
True
Is 6882061 prime?
False
Is 1458917 prime?
False
Is 4863935 a prime number?
False
Is 15099151 prime?
True
Is 293977 a composite number?
True
Is 15591479 a prime number?
True
Is 176367973 composite?
False
Is 10017223 a composite number?
False
Is 14208907 prime?
True
Is 7361801 a prime number?
True
Is 127061741 composite?
False
Is 43340179 a prime number?
False
Is 2151991 a prime number?
True
Is 1449263987 a prime number?
True
Is 61619317 a composite number?
False
Is 749113331 a composite number?
False
Is 2557861 a prime number?
True
Is 1449089 composite?
False
Is 480857803 a composite number?
True
Is 32889603 a composite number?
True
Is 23049301 prime?
False
Is 53835737 prime?
True
Is 26238703 a composite number?
True
Is 637669 prime?
True
Is 6500149 a prime number?
True
Is 42366273 a composite number?
True
Is 243920747 a prime number?
False
Is 2018197 a prime number?
False
Is 2913761 a prime number?
False
Is 24378899 a prime number?
False
Is 59820521 a prime number?
True
Is 529236661 prime?
True
Is 3158671 composite?
False
Is 1549189 a prime number?
False
Is 69238361 prime?
True
Is 220826467 a composite number?
False
Is 16062257 composite?
True
Is 22710203 prime?
True
Is 76200199 a prime number?
True
Is 574430269 a prime number?
False
Is 6719329 composite?
True
Is 2796649 a composite number?
False
Is 15618157 a prime number?
True
Is 18525239 composite?
False
Is 1599773 prime?
False
Is 13355411 a composite number?
False
Is 382029591 a prime number?
False
Is 4511945 a prime number?
False
Is 480383927 a composite number?
True
Is 61693837 a composite number?
True
Is 9580631 prime?
True
Is 1097111 composite?
False
Is 5964419 a prime number?
True
Is 1772987 a prime number?
True
Is 7394929 a prime number?
False
Is 31538407 prime?
True
Is 261881 a composite number?
False
Is 157470587 a prime number?
False
Is 1619206 a prime number?
False
Is 2218309 composite?
True
Is 1594973 a prime number?
False
Is 28163699 prime?
True
Is 3481847 prime?
True
Is 13323901 a composite number?
False
Is 1094339 prime?
True
Is 93348821 composite?
True
Is 11609021 prime?
True
Is 201491683 composite?
False
Is 39330103 a composite number?
True
Is 39268883 a prime number?
True
Is 38543 a prime number?
True
Is 48290233 a composite number?
False
Is 64566791 a prime number?
True
Is 3154049 composite?
True
Is 26429233 a composite number?
False
Is 537323 a prime number?
False
Is 158607211 composite?
True
Is 75840451 composite?
True
Is 65897789 composite?
False
Is 787668815 a prime number?
False
Is 34311361 composite?
True
Is 8287541 prime?
False
Is 9939509 a prime number?
False
Is 6446929 composite?
False
Is 89254831 prime?
True
Is 1733927 prime?
False
Is 129443233 a prime number?
True
Is 77798519 composite?
False
Is 28147547 prime?
True
Is 3438377 prime?
True
Is 114571451 a prime number?
False
Is 526909 a composite number?
False
Is 91251647 a composite number?
False
Is 16205465 a composite number?
True
Is 7899967 a composite number?
False
Is 55675511 a composite number?
False
Is 233743 a composite number?
False
Is 9278553 a composite number?
True
Is 978559 composite?
True
Is 7523785 prime?
False
Is 2809759 a prime number?
True
Is 416505571 a composite number?
False
Is 4860957 composite?
True
Is 285906886 prime?
False
Is 572023 a prime number?
True
Is 344190359 prime?
True
Is 794854 a composite number?
True
Is 96426493 a prime number?
True
Is 112987877 composite?
False
Is 411617 a prime number?
True
Is 338224889 a prime number?
True
Is 37851889 prime?
True
Is 167425949 a prime number?
True
Is 78513181 a prime number?
True
Is 7767089 composite?
True
Is 18827083 a prime number?
False
Is 84192503 prime?
True
Is 81131 prime?
True
Is 7837691 a prime number?
True
Is 15979559 composite?
False
Is 1377742 a prime number?
False
Is 15192239 a prime number?
True
Is 2631833 prime?
True
Is 4844599 a prime number?
True
Is 10891793 a composite number?
True
Is 359923519 composite?
False
Is 1714064465 a composite number?
True
Is 558672055 a composite number?
True
Is 4355131 prime?
False
Is 21134891 a prime number?
False
Is 6763573 prime?
True
Is 5036261 a prime number?
True
Is 178277303 prime?
True
Is 158680541 a prime number?
False
Is 6656249 prime?
False
Is 10057811 a prime number?
False
Is 1838667889 a composite number?
True
Is 18774089 a composite number?
False
Is 58640539 prime?
True
Is 662881727 composite?
True
Is 1030571 composite?
False
Is 8992069 composite?
False
Is 42284245 prime?
False
Is 2541491 a prime number?
False
Is 322036393 composite?
True
Is 1363933 prime?
True
Is 595063 a composite number?
True
Is 69364313 composite?
False
Is 432000607 composite?
False
Is 2910577 a prime number?
True
Is 543183 a composite number?
True
Is 457727609 composite?
False
Is 4387706 prime?
False
Is 20785969 a prime number?
False
Is 348365639 a prime number?
True
Is 28472417 composite?
True
Is 19183613 composite?
True
Is 8352523 a prime number?
False
Is 1022551 composite?
True
Is 29489501 composite?
True
Is 1632419 composite?
True
Is 5431820729 a prime number?
True
Is 13695443 a composite number?
False
Is 195482227 a prime number?
True
Is 1359758 a prime number?
False
Is 23200811 a prime number?
False
Is 20849245 a prime number?
False
Is 6281807 a prime number?
False
Is 61309159 prime?
True
Is 12693233 a prime number?
False
Is 31123265 a prime number?
False
Is 123666139 composite?
False
Is 3371927 a composite number?
True
Is 223263151 a composite number?
False
Is 19147621 prime?
False
Is 27505109 prime?
False
Is 55561801 composite?
True
Is 430919081 prime?
True
Is 3886391 prime?
True
Is 943471 composite?
False
Is 21630013 composite?
False
Is 81799 composite?
False
Is 50189 prime?
False
Is 515078 a prime number?
False
Is 1908558571 a composite number?
False
Is 269879 prime?
True
Is 219815053 a composite number?
False
Is 4914101 a prime number?
True
Is 132131 a composite number?
True
Is 25015093 prime?
True
Is 57612881 prime?
False
Is 121722259 composite?
False
Is 14687653 a composite number?
False
Is 35451635 composite?
True
Is 5494201 a composite number?
True
Is 14072354 a prime number?
False
Is 14292571 a composite number?
False
Is 9534353 composite?
False
Is 142940599 a prime number?
True
Is 36223949 prime?
False
Is 10886433 prime?
False
Is 16430933 prime?
True
Is 17896103 a composite number?
True
Is 741215 composite?
True
Is 4766753 prime?
True
Is 1192517 composite?
False
Is 1824451 a prime number?
True
Is 67101043 a prime number?
True
Is 76208747 composite?
False
Is 9338599 a composite number?
True
Is 284703209 composite?
True
Is 129316139 prime?
False
Is 67159751 prime?
True
Is 441949711 a prime number?
False
Is 142654651 a prime number?
True
Is 28383554 prime?
False
Is 252964697 composite?
False
Is 23824531 a prime number?
False
Is 11236057 prime?
False
Is 94999211 composite?
False
Is 53782721 a composite number?
False
Is 89390317 a prime number?
False
Is 2876369 prime?
True
Is 3553537 prime?
False
Is 14300873 composite?
False
Is 99923 prime?
True
Is 429350066 composite?
True
Is 9777869 composite?
False
Is 6154913 composite?
True
Is 68104273 a prime number?
True
Is 2525309 a composite number?
True
Is 1310935 a composite number?
True
Is 151811503 a prime number?
False
Is 4824167 composite?
False
Is 11681407 a prime number?
False
Is 2675489 a composite number?
True
Is 27531535 a composite number?
True
Is 17574769 composite?
True
Is 1586927 a composite number?
True
Is 11295317 a prime number?
False
Is 20127989 a prime number?
False
Is 1172377 a composite number?
False
Is 4241173 composite?
False
Is 147002909 a composite number?
False
Is 1585054813 prime?
True
Is 13888747 a composite number?
True
Is 186583883 composite?
True
Is 10622434 prime?
False
Is 27677722 a composite number?
True
Is 45149017 a prime number?
True
Is 900805 a prime number?
False
Is 90321683 a composite number?
False
Is 174160435 prime?
False
Is 84316079 prime?
False
Is 6427349 a prime number?
True
Is 1804991 a prime number?
True
Is 52695803 composite?
False
Is 227320671 a composite number?
True
I